+ 1 + 1). Let l(c) = 36*c - 1742. Let r be l(49). Calculate the greatest common factor of z and r.
11
Let b be (1950/273)/(-1 - (-16)/14). What is the highest common divisor of 4 and b?
2
Let x(o) = 5*o**3 + 2*o**2 - 1. Let q be 2*(-14)/(-4)*(-2)/(-14). Let g be x(q). What is the highest common divisor of g and 18?
6
Suppose 3*g - 6*g = -5*k - 16, 5*g - k - 56 = 0. Calculate the greatest common divisor of 96 and g.
12
Suppose -4*w = -7*w + 45. Let k be (-2)/(-10) - (-12)/w. Suppose m = 3 - k. Calculate the highest common divisor of 8 and m.
2
Suppose -3*q = q + 4. Let l = q - -13. Suppose 5*s + n = 185, 2*s - 5*n - 6 - 41 = 0. What is the highest common factor of l and s?
12
Let o = 8 + 9. Let v = 27 - o. What is the greatest common divisor of v and 110?
10
Suppose 5*n = 275 + 130. Suppose 5*z - 2*x - 7 = -0*z, 2*z = -x + 10. Suppose z*v = -v + 36. What is the greatest common factor of v and n?
9
Let z be (-2 - 54)/(-2 - -3). Let d be (-6792)/z - 4/14. Calculate the highest common divisor of d and 11.
11
Let m be (20/3)/(5/15). Let y = 2 - m. Let o be y/5*(-280)/21. Calculate the highest common divisor of 6 and o.
6
Let i(r) = -7*r + 2. Let u be i(2). Suppose -c - 16 = -68. Let l = c + u. Calculate the greatest common divisor of l and 60.
20
Suppose 0 = 3*j - 3*g - 4 - 8, 28 = -3*j - 5*g. Let h(b) = 98*b**2 - b. Let f be h(j). What is the greatest common factor of 11 and f?
11
Suppose -176*u - 65 = -181*u. Suppose 4*r + 112 = 2*l, 80 + 78 = 3*l - r. What is the greatest common factor of u and l?
13
Let a(k) be the third derivative of -1/24*k**4 + 39/2*k**3 - 8*k**2 + 0 + 0*k. Let j be a(0). Calculate the greatest common divisor of j and 13.
13
Let y = -34 - -73. Let f(k) = -3*k + 2. Let w(c) = -c**3 + 5*c**2 - 8. Let m be w(5). Let r be f(m). Calculate the greatest common divisor of r and y.
13
Suppose 2*o - 2 = 4. Suppose -o*c + 14 = -25. Let x(d) = 29*d - 2. Let r be x(5). What is the highest common divisor of r and c?
13
Suppose -4*w + 4 = 16. Let b be (w/(-6))/1 - (-22)/4. What is the highest common factor of 6 and b?
6
Let k be 32/(-304) - (-3880)/38. What is the highest common divisor of k and 85?
17
Suppose 2*y - 3*z + 244 - 1108 = 0, -5*z - 2155 = -5*y. What is the highest common factor of 165 and y?
33
Let c(z) = z**3 + 114. Let w be c(0). What is the greatest common factor of w and 6?
6
Let a(b) = 9*b + 83. Let p be a(-22). Let n = p + 119. Let g(l) = -l**2 + l + 6. Let u be g(0). Calculate the greatest common factor of n and u.
2
Let c = -552 - -695. Calculate the greatest common factor of 209 and c.
11
Let k = -8022 + 8025. Suppose -4*u + 3*u + 6 = 5*n, 6 = -n - 2*u. What is the greatest common factor of k and n?
1
Let z be (-12)/(-30)*-10*-100. What is the highest common factor of z and 25?
25
Let v(c) = -c**3 + 11*c**2 - 15*c - 21. Let o be v(9). Calculate the highest common factor of 18 and o.
6
Suppose -282 = -16*a + 198. Suppose -2*q - q - 140 = -4*f, 0 = f - 4*q - 22. Let c be f/4 + 1/2. Calculate the highest common divisor of c and a.
10
Suppose 5*o = n - 3*n + 42, 3*o - 4*n = 46. Suppose -37*s + 39*s = -2*u + 132, 2*u + s - 136 = 0. Calculate the greatest common divisor of o and u.
10
Let a = 1961 - -147. Let n be (-8)/10 + a/85. Calculate the greatest common factor of n and 36.
12
Suppose -z + 5*z - 180 = -3*o, 5*z = 5*o - 300. Let g = -241 + 347. Let v = g - o. What is the highest common factor of 115 and v?
23
Suppose -33 + 31 = 2*j. Let y be (j + 2)*((-15)/(-5) - -5). Suppose 3*i - 19 = 5. What is the highest common divisor of i and y?
8
Let z = 352 + 110. What is the highest common divisor of z and 84?
42
Let x = -290 - -437. What is the highest common divisor of 14 and x?
7
Let m be -86 + (-3)/((-3)/2). Let p be (-5)/7 + 24/m. Let x be 5 - (-2 + (-1)/p). What is the greatest common factor of 54 and x?
6
Let v be (-3944)/(-76) - (-2)/19. What is the highest common divisor of v and 39?
13
Suppose k = 3*f - 6, 5*k + 4*f + 9 = 55. What is the greatest common divisor of 237 and k?
3
Let j be 1*(3 + 176/4). Suppose 0 = 3*t + 9, -5*t - j = 4*l - 0*l. Let m be 2/5 - l/5. What is the highest common factor of m and 16?
2
Let a = -6 + 18. Let t = -37 - -33. Let d be t/(32/a)*-6. Calculate the greatest common divisor of 1 and d.
1
Let h(x) = 6*x**2 + 4*x + 2. Let a be h(-5). Suppose 0 = 2*r, -2*r - 432 = 4*q + 3*r. Let n = q - -120. Calculate the highest common factor of a and n.
12
Let g be (0 - (-4)/(-6)) + (-1072)/(-24). Suppose p = -5*m + 3 - 16, 4*m + g = 2*p. Calculate the highest common divisor of p and 60.
12
Let z be (1 + 1 + 95)*(-129 - -131). What is the greatest common divisor of z and 291?
97
Let p = 140 + -119. Suppose p = -4*v - 2*c + 153, -2*v - 4*c = -72. Calculate the greatest common divisor of 224 and v.
32
Let x be (-200)/(-60) + (-2)/6. Suppose -x*w + 9 = -15. Let o be (-37)/(-3) + (-1)/3. What is the greatest common factor of w and o?
4
Let t be ((-9)/36)/(10/(-2000)). Suppose 0 = -3*p + 8 + 67. Calculate the greatest common divisor of t and p.
25
Let l be (-1534)/(-18) - (-18)/(-81). Let h = l - 66. Calculate the highest common factor of h and 133.
19
Let l = -85 - -81. Let c be ((-18)/l)/(27/144). Calculate the highest common divisor of c and 8.
8
Suppose -5*m = -4*y - y - 1180, 4*y = 2*m - 482. What is the highest common factor of m and 77?
77
Let x(k) = -7 + 8 + 3*k - 6 - 8. Let r be x(6). Suppose 0 = -o + r*o - 64. What is the greatest common factor of o and 80?
16
Suppose 0 = 2*r + 3 - 9. Suppose -2*h - 13*o = -10*o - 78, -h - 3*o + 33 = 0. What is the highest common factor of h and r?
3
Let g(q) = -q**3 + 9*q**2 + 3*q + 5. Suppose 5*f + 28 = 73. Let s be g(f). Let w = 142 - 94. Calculate the greatest common divisor of s and w.
16
Let v be (-2)/4*(-3 - -3). Suppose -w - 3*h - 7 = v, -2*w + w + 8 = -2*h. What is the highest common factor of 2 and w?
2
Let g be (-1 + 3)*-4 + 2. Let l be ((-44)/g)/(2/12). What is the highest common factor of l and 11?
11
Let f(k) = 9*k**2 - 2*k. Let r be f(3). Let w be 1*(0 - -3) + 33. Suppose 0 = 4*o + 12, -5*z - 2*o + w = -108. What is the greatest common divisor of r and z?
15
Let r(v) = -41*v**3 - 10*v**2 + 19*v + 61. Let i be r(-5). Calculate the greatest common divisor of 103 and i.
103
Let y(b) = -282*b - 184. Let p be y(-2). What is the greatest common factor of p and 20?
20
Let l(d) = -3*d + 7. Let f be l(6). Let h = -5 - f. Let a = 17 - h. Calculate the highest common divisor of 55 and a.
11
Suppose -3*m + t = m - 1609, 5*m + 5*t - 2005 = 0. What is the highest common factor of m and 536?
134
Suppose 67*m - 9*m + 2842 = 0. Let s be (-2)/7 + (-136)/14. Let j = s - m. Calculate the greatest common divisor of j and 26.
13
Let l = -145 - -204. Suppose 0 = -f + 21 + l. Let x be ((-462)/(-10))/(16/f). Calculate the greatest common factor of x and 33.
33
Suppose -4*f - 30 + 10 = 0, 2*t - 36 = 2*f. Suppose -2*w = 123 + 293. Let s = -117 - w. What is the highest common divisor of t and s?
13
Let o(s) = -328*s - 53. Let x be o(-3). What is the greatest common divisor of 38 and x?
19
Suppose 57*g - 88 - 26 = 0. Calculate the greatest common factor of 2 and g.
2
Suppose -3*x = -8 - 4. Suppose -x*g = -0*g + 3*l - 588, -g - 3*l + 156 = 0. Suppose h = 1, 3*k - 53 = 4*h - 9*h. What is the greatest common divisor of g and k?
16
Let n = 3307 + -3295. Suppose 4*r + 4*i - 4 = 0, 5*r - 23 = 2*i + 2*i. What is the greatest common factor of n and r?
3
Let m(a) = -a**3 - 5*a**2 + 10*a + 42. Let k be m(-7). Calculate the highest common divisor of k and 70.
70
Let v be (-52)/(-20) + (-4)/(-10). Suppose -3*t - v*u + 93 = -0*u, -4*u = 8. Calculate the greatest common divisor of t and 3.
3
Let l be 0*(-3 + (-8)/(-2)). Suppose l = -r + 1 + 24. What is the greatest common factor of r and 50?
25
Let c = 135 - 115. What is the highest common divisor of c and 4?
4
Suppose 6207 = 60*z - 3513. Calculate the highest common divisor of 8 and z.
2
Let w(b) be the first derivative of 3*b**2/2 - 5*b + 42. Let q be w(9). Let d be 110/2*1/1. Calculate the highest common factor of q and d.
11
Let g(j) = j**3 + 9*j**2 - 11*j + 7. Let h be g(-10). What is the greatest common divisor of 493 and h?
17
Let f(r) = 196*r**2 - 1. Let c be f(-1). What is the highest common factor of 78 and c?
39
Let n be (-179